{"id":3431,"date":"2024-03-25T11:42:59","date_gmt":"2024-03-25T11:42:59","guid":{"rendered":"https:\/\/marzia-rene.xyz\/?page_id=3431"},"modified":"2024-08-06T09:44:38","modified_gmt":"2024-08-06T09:44:38","slug":"home","status":"publish","type":"page","link":"https:\/\/marzia-rene.xyz\/","title":{"rendered":"Home"},"content":{"rendered":"\n    \n    <section class=\"u-clearfix u-uploaded-video u-video u-section-2\" id=\"sec-1f84\">\n      <div class=\"u-background-video u-expanded\" style=\"\">\n        <div class=\"embed-responsive\">\n          <video class=\"embed-responsive-item\" data-autoplay=\"1\" loop=\"\" muted=\"1\" autoplay=\"autoplay\" playsinline=\"\">\n            <source src=\"https:\/\/marzia-rene.xyz\/wp-content\/uploads\/2024\/07\/hintergrund.mp4\" type=\"video\/mp4\">\n            <p>Your browser does not support HTML5 video.<\/p>\n          <\/video>\n        <\/div>\n        <div class=\"u-video-shading\"><\/div>\n      <\/div>\n      <div class=\"u-background-video u-expanded\" style=\"\">\n        <div class=\"embed-responsive\">\n          <video class=\"embed-responsive-item\" data-autoplay=\"1\" loop=\"\" muted=\"1\" autoplay=\"autoplay\" playsinline=\"\">\n            <source src=\"https:\/\/marzia-rene.xyz\/wp-content\/uploads\/2024\/07\/hintergrund.mp4\" type=\"video\/mp4\">\n            <p>Your browser does not support HTML5 video.<\/p>\n          <\/video>\n        <\/div>\n        <div class=\"u-video-shading\"><\/div>\n      <\/div>\n      <div class=\"u-clearfix u-sheet u-sheet-1\">\n        <div class=\"data-layout-selected u-clearfix u-expanded-width u-hidden-sm u-hidden-xs u-layout-wrap u-layout-wrap-1\">\n          <div class=\"u-layout\">\n            <div class=\"u-layout-row\">\n              <div class=\"u-container-style u-layout-cell u-size-30 u-layout-cell-1\">\n                <div class=\"u-container-layout u-container-layout-1\">\n                  <a href=\"#\" class=\"u-btn u-btn-round u-button-style u-hover-palette-1-light-1 u-palette-1-base u-radius u-btn-1\"> Unser Zuhause<\/a>\n                  <img decoding=\"async\" class=\"u-align-center u-border-5 u-border-palette-3-base u-image u-image-circle u-image-1\" src=\"https:\/\/marzia-rene.xyz\/wp-content\/uploads\/2024\/07\/Lohnberg-1.png\" alt=\"\" data-image-width=\"936\" data-image-height=\"749\" data-animation-name=\"customAnimationIn\" data-animation-duration=\"2000\" data-animation-delay=\"0\">\n                <\/div>\n              <\/div>\n              <div class=\"u-container-style u-layout-cell u-size-30 u-layout-cell-2\">\n                <div class=\"u-container-layout u-container-layout-2\">\n                  <a href=\"#\" class=\"u-btn u-btn-round u-button-style u-hover-palette-1-light-1 u-palette-1-base u-radius u-btn-2\"> Unser Pfupfi<\/a>\n                  <img decoding=\"async\" class=\"u-align-center u-image u-image-circle u-image-2\" src=\"https:\/\/marzia-rene.xyz\/wp-content\/uploads\/2024\/07\/Katzen-2.jpg\" alt=\"\" data-image-width=\"600\" data-image-height=\"397\" data-animation-name=\"customAnimationIn\" data-animation-duration=\"1250\" data-animation-delay=\"0\">\n                <\/div>\n              <\/div>\n            <\/div>\n          <\/div>\n        <\/div>\n      <\/div>\n    <\/section>\n    <section class=\"u-clearfix u-palette-2-base u-section-3\" id=\"sec-9601\">\n      <div class=\"u-clearfix u-sheet u-sheet-1\">\n        <h1 class=\"u-align-center u-text u-text-default u-text-1\">Videos von unseren Reisen<\/h1>\n      <\/div>\n    <\/section>\n    <section class=\"u-carousel u-slide u-block-e9b1-1\" id=\"carousel-bacf\" data-interval=\"5000\" data-u-ride=\"carousel\">\n      <ol class=\"u-absolute-hcenter u-carousel-indicators u-block-e9b1-2\">\n        <li data-u-target=\"#carousel-bacf\" class=\"u-active u-grey-30\" data-u-slide-to=\"0\"><\/li>\n        <li data-u-target=\"#carousel-bacf\" class=\"u-grey-30\" data-u-slide-to=\"1\"><\/li>\n        <li data-u-target=\"#carousel-bacf\" class=\"u-grey-30\" data-u-slide-to=\"2\"><\/li>\n        <li data-u-target=\"#carousel-bacf\" class=\"u-grey-30\" data-u-slide-to=\"3\"><\/li>\n      <\/ol>\n      <div class=\"u-carousel-inner\" role=\"listbox\">\n        <div class=\"u-active u-carousel-item u-clearfix u-gradient u-section-4-1\">\n          <div class=\"u-clearfix u-sheet u-sheet-1\">\n            <h4 class=\"u-align-center u-text u-text-1\">Kgalagadi Safari 2024<\/h4>\n            <img decoding=\"async\" class=\"u-align-center u-image u-image-default u-image-1\" src=\"https:\/\/marzia-rene.xyz\/wp-content\/uploads\/2024\/03\/videoSafari2024-3.png\" alt=\"\" data-image-width=\"563\" data-image-height=\"382\" data-href=\"https:\/\/marzia-rene.xyz\/?page_id=3430#safari-2024-sec-2e46\">\n          <\/div>\n        <\/div>\n        <div class=\"u-carousel-item u-clearfix u-gradient u-section-4-2\">\n          <div class=\"u-clearfix u-sheet u-sheet-1\">\n            <h4 class=\"u-align-center u-text u-text-1\">Addo Elephant Park 2021<\/h4>\n            <img decoding=\"async\" class=\"u-image u-image-default u-image-1\" src=\"https:\/\/marzia-rene.xyz\/wp-content\/uploads\/2024\/03\/Videoaddo2021-3.png\" alt=\"\" data-image-width=\"552\" data-image-height=\"385\" data-href=\"https:\/\/marzia-rene.xyz\/?page_id=3430#carousel_4952\">\n          <\/div>\n        <\/div>\n        <div class=\"u-carousel-item u-clearfix u-gradient u-section-4-3\">\n          <div class=\"u-clearfix u-sheet u-sheet-1\">\n            <h4 class=\"u-align-center u-text u-text-1\">S\u00fcdafrika 2019<\/h4>\n            <img decoding=\"async\" class=\"u-image u-image-default u-image-1\" src=\"https:\/\/marzia-rene.xyz\/wp-content\/uploads\/2024\/03\/VideoAddo2019-3.png\" alt=\"\" data-image-width=\"553\" data-image-height=\"384\" data-href=\"https:\/\/marzia-rene.xyz\/?page_id=3430#carousel_7c8b\">\n          <\/div>\n        <\/div>\n        <div class=\"u-carousel-item u-clearfix u-gradient u-section-4-4\">\n          <div class=\"u-clearfix u-sheet u-sheet-1\">\n            <h4 class=\"u-align-center u-text u-text-1\">S\u00fcdafrika &amp; Namibia 2016<\/h4>\n            <img decoding=\"async\" class=\"u-image u-image-default u-image-1\" src=\"https:\/\/marzia-rene.xyz\/wp-content\/uploads\/2024\/03\/VideoNamibia2016-3.png\" alt=\"\" data-image-width=\"563\" data-image-height=\"393\" data-href=\"https:\/\/marzia-rene.xyz\/?page_id=3430#carousel_9719\">\n          <\/div>\n        <\/div>\n      <\/div>\n      <a class=\"u-absolute-vcenter u-carousel-control u-carousel-control-prev u-text-grey-30 u-block-e9b1-3\" href=\"#carousel-bacf\" role=\"button\" data-u-slide=\"prev\">\n        <span aria-hidden=\"true\">\n          <svg class=\"u-svg-link\" viewBox=\"0 0 477.175 477.175\"><path d=\"M145.188,238.575l215.5-215.5c5.3-5.3,5.3-13.8,0-19.1s-13.8-5.3-19.1,0l-225.1,225.1c-5.3,5.3-5.3,13.8,0,19.1l225.1,225\n                    c2.6,2.6,6.1,4,9.5,4s6.9-1.3,9.5-4c5.3-5.3,5.3-13.8,0-19.1L145.188,238.575z\"><\/path><\/svg>\n        <\/span>\n        <span class=\"sr-only\">Previous<\/span>\n      <\/a>\n      <a class=\"u-absolute-vcenter u-carousel-control u-carousel-control-next u-text-grey-30 u-block-e9b1-4\" href=\"#carousel-bacf\" role=\"button\" data-u-slide=\"next\">\n        <span aria-hidden=\"true\">\n          <svg class=\"u-svg-link\" viewBox=\"0 0 477.175 477.175\"><path d=\"M360.731,229.075l-225.1-225.1c-5.3-5.3-13.8-5.3-19.1,0s-5.3,13.8,0,19.1l215.5,215.5l-215.5,215.5\n                    c-5.3,5.3-5.3,13.8,0,19.1c2.6,2.6,6.1,4,9.5,4c3.4,0,6.9-1.3,9.5-4l225.1-225.1C365.931,242.875,365.931,234.275,360.731,229.075z\"><\/path><\/svg>\n        <\/span>\n        <span class=\"sr-only\">Next<\/span>\n      <\/a>\n    <\/section>\n    <section class=\"u-clearfix u-gradient u-section-5\" id=\"sec-d8fe\">\n      <div class=\"u-clearfix u-sheet u-sheet-1\">\n        <div class=\"data-layout-selected u-clearfix u-expanded-width u-layout-wrap u-layout-wrap-1\">\n          <div class=\"u-layout\">\n            <div class=\"u-layout-col\">\n              <div class=\"u-size-30\">\n                <div class=\"u-layout-row\">\n                  <div class=\"u-container-style u-layout-cell u-size-30 u-layout-cell-1\" data-animation-name=\"customAnimationIn\" data-animation-duration=\"1750\" data-animation-delay=\"0\">\n                    <div class=\"u-container-layout u-container-layout-1\">\n                      <h2 class=\"u-align-center u-text u-text-default u-text-1\">S\u00fcdafrika 2024<\/h2>\n                      <img decoding=\"async\" class=\"u-image u-image-default u-image-1\" src=\"https:\/\/marzia-rene.xyz\/wp-content\/uploads\/2024\/03\/CAP_0059-1.jpg\" alt=\"\" data-image-width=\"600\" data-image-height=\"400\" data-href=\"https:\/\/marzia-rene.xyz\/?page_id=3429\">\n                    <\/div>\n                  <\/div>\n                  <div class=\"u-container-style u-layout-cell u-size-30 u-layout-cell-2\" data-href=\"https:\/\/marzia-rene.xyz\/?page_id=3428\" data-animation-name=\"customAnimationIn\" data-animation-duration=\"3000\" data-animation-delay=\"1250\">\n                    <div class=\"u-container-layout u-container-layout-2\">\n                      <h2 class=\"u-align-center u-text u-text-default u-text-2\">S\u00fcdafrika 2021<\/h2>\n                      <img decoding=\"async\" class=\"u-image u-image-default u-image-2\" src=\"https:\/\/marzia-rene.xyz\/wp-content\/uploads\/2024\/03\/CAP_8805-1.jpg\" alt=\"\" data-image-width=\"800\" data-image-height=\"530\">\n                    <\/div>\n                  <\/div>\n                <\/div>\n              <\/div>\n              <div class=\"u-size-30\">\n                <div class=\"u-layout-row\">\n                  <div class=\"u-container-style u-layout-cell u-size-30 u-layout-cell-3\" data-animation-name=\"customAnimationIn\" data-animation-duration=\"3000\" data-animation-delay=\"2000\" data-href=\"https:\/\/marzia-rene.xyz\/?page_id=3432\">\n                    <div class=\"u-container-layout u-container-layout-3\">\n                      <h2 class=\"u-align-center u-text u-text-default u-text-3\">ADDO 2019<\/h2>\n                      <img decoding=\"async\" class=\"u-image u-image-default u-image-3\" src=\"https:\/\/marzia-rene.xyz\/wp-content\/uploads\/2024\/03\/DSC2852-1.jpg\" alt=\"\" data-image-width=\"600\" data-image-height=\"400\" data-href=\"https:\/\/marzia-rene.xyz\/?page_id=3429\">\n                    <\/div>\n                  <\/div>\n                  <div class=\"u-container-style u-layout-cell u-size-30 u-layout-cell-4\" data-animation-name=\"customAnimationIn\" data-animation-duration=\"1000\" data-animation-delay=\"2000\">\n                    <div class=\"u-container-layout u-container-layout-4\">\n                      <h2 class=\"u-align-center u-text u-text-default u-text-4\">Namibia 2016<\/h2>\n                      <img decoding=\"async\" class=\"u-image u-image-default u-image-4\" src=\"https:\/\/marzia-rene.xyz\/wp-content\/uploads\/2024\/03\/DSC1584-1.jpg\" alt=\"\" data-image-width=\"800\" data-image-height=\"533\" data-href=\"https:\/\/marzia-rene.xyz\/?page_id=3429\">\n                    <\/div>\n                  <\/div>\n                <\/div>\n              <\/div>\n            <\/div>\n          <\/div>\n        <\/div>\n      <\/div>\n    <\/section>\n    \n    \n    \n  \n","protected":false},"excerpt":{"rendered":"<p>Your browser does not support HTML5 video. Your browser does not support HTML5 video. Unser Zuhause Unser Pfupfi Videos von unseren Reisen Kgalagadi Safari 2024 Addo Elephant Park 2021 S\u00fcdafrika 2019 S\u00fcdafrika &amp; Namibia 2016 Previous Next S\u00fcdafrika 2024 S\u00fcdafrika 2021 ADDO 2019 Namibia 2016<\/p>\n","protected":false},"author":1,"featured_media":0,"parent":0,"menu_order":4,"comment_status":"closed","ping_status":"closed","template":"","meta":{"footnotes":""},"class_list":["post-3431","page","type-page","status-publish","hentry"],"_links":{"self":[{"href":"https:\/\/marzia-rene.xyz\/index.php?rest_route=\/wp\/v2\/pages\/3431","targetHints":{"allow":["GET"]}}],"collection":[{"href":"https:\/\/marzia-rene.xyz\/index.php?rest_route=\/wp\/v2\/pages"}],"about":[{"href":"https:\/\/marzia-rene.xyz\/index.php?rest_route=\/wp\/v2\/types\/page"}],"author":[{"embeddable":true,"href":"https:\/\/marzia-rene.xyz\/index.php?rest_route=\/wp\/v2\/users\/1"}],"replies":[{"embeddable":true,"href":"https:\/\/marzia-rene.xyz\/index.php?rest_route=%2Fwp%2Fv2%2Fcomments&post=3431"}],"version-history":[{"count":9,"href":"https:\/\/marzia-rene.xyz\/index.php?rest_route=\/wp\/v2\/pages\/3431\/revisions"}],"predecessor-version":[{"id":3493,"href":"https:\/\/marzia-rene.xyz\/index.php?rest_route=\/wp\/v2\/pages\/3431\/revisions\/3493"}],"wp:attachment":[{"href":"https:\/\/marzia-rene.xyz\/index.php?rest_route=%2Fwp%2Fv2%2Fmedia&parent=3431"}],"curies":[{"name":"wp","href":"https:\/\/api.w.org\/{rel}","templated":true}]}}